{"id":6391,"date":"2026-05-11T12:15:00","date_gmt":"2026-05-11T10:15:00","guid":{"rendered":"http:\/\/olesnicaslw.archidiecezja.wroc.pl\/?page_id=6391"},"modified":"2026-05-11T12:15:00","modified_gmt":"2026-05-11T10:15:00","slug":"arcybractwo-strazy-honorowej-nspj","status":"publish","type":"page","link":"http:\/\/olesnicaslw.archidiecezja.wroc.pl\/index.php\/arcybractwo-strazy-honorowej-nspj\/","title":{"rendered":"Arcybractwo Stra\u017cy Honorowej NSPJ"},"content":{"rendered":"<p>Przy naszej parafii wsp\u00f3lnota powsta\u0142a 23 listopada 2025 roku,<\/p>\n<p>Opiekunem Grupy jest <strong>Ks. Pawe\u0142 Miotk<\/strong><\/p>\n<p>Zelatorem wsp\u00f3lnoty jest<strong> Pani Ma\u0142gorzata Sycianko<\/strong><\/p>\n<p>&nbsp;<\/p>\n<p><strong>Czym jest Arcybractwo Stra\u017cy Honorowej Naj\u015bwi\u0119tszego Serca Pana Jezusa?<\/strong><\/p>\n<p><strong>Stra\u017c Honorowa Naj\u015bwi\u0119tszego Serca Pana Jezusa jest stowarzyszeniem skupiaj\u0105cym ludzi pragn\u0105cych odpowiedzie\u0107 na skarg\u0119 Pana Jezusa w Ogr\u00f3jcu: \u201eCzy nie mogli\u015bcie czuwa\u0107 jednej godziny ze Mn\u0105?\u201d.<\/strong><\/p>\n<p>Jej cz\u0142onkowie staraj\u0105 si\u0119 swoim wynagrodzeniem i mi\u0142o\u015bci\u0105 pociesza\u0107 Jezusowe Serce, nape\u0142nione bole\u015bci\u0105 z powodu zapomnienia i niewdzi\u0119czno\u015bci ludzkiej. To Serce, zranione niegdy\u015b na krzy\u017cu w\u0142\u00f3czni\u0105 setnika, wci\u0105\u017c ranione jest przez nasze grzechy, mimo i\u017c jest Ono \u017ar\u00f3d\u0142em mocy i chrze\u015bcija\u0144skiej nadziei.<\/p>\n<p><strong>Dewiz\u0105 Arcybractwa jestcze\u015b\u0107, mi\u0142o\u015b\u0107 i wynagrodzenie Sercu Jezusa.\u00a0<\/strong>W tym celu cz\u0142onkowie Stra\u017cy obieraj\u0105 sobie jedn\u0105 godzin\u0119 w ci\u0105gu dnia, aby w\u015br\u00f3d codziennych zaj\u0119\u0107, my\u015bl\u0105 i sercem towarzyszy\u0107 Jezusowi obecnemu w tabernakulum, oddawa\u0107 Mu cze\u015b\u0107, wynagradza\u0107 i ofiarowywa\u0107 swoje \u017cycie, a nade wszystko wiern\u0105 mi\u0142o\u015b\u0107.<\/p>\n<p><strong>Zadaniem Arcybractwa jest:<\/strong><\/p>\n<ul>\n<li>rozwijanie nabo\u017ce\u0144stwa do Bo\u017cego Serca b\u0119d\u0105cego lekarstwem, kt\u00f3re nie tylko uzdrawia, ale r\u00f3wnie\u017c zapobiega sekularyzacji, zmierzaj\u0105cej do wyeliminowania widzialnych znak\u00f3w wiary chrze\u015bcija\u0144skiej;<\/li>\n<li>ca\u0142kowite po\u015bwi\u0119canie si\u0119 Bo\u017cemu Sercu, tak aby mog\u0142o dokonywa\u0107 si\u0119 uzdrawianie \u017cycia moralnego cz\u0142owieka, rozw\u00f3j jego cn\u00f3t i r\u00f3\u017cnorodnych dar\u00f3w Ducha \u015bw.<\/li>\n<li>przez pog\u0142\u0119bianie wiary umacnianie \u017cycia apostolskiego i realizacja obowi\u0105zk\u00f3w rodzinnych i zawodowych w u\u015bwi\u0119caj\u0105cej mi\u0142o\u015bci Chrystusa;<\/li>\n<li>budzenie \u015bwiadomej mi\u0142o\u015bci do bli\u017aniego przez podejmowanie pracy nad w\u0142asnym sercem, aby synowsk\u0105 mi\u0142o\u015b\u0107 do Boga \u0142\u0105czy\u0107 z mi\u0142o\u015bci\u0105 bratersk\u0105.<\/li>\n<\/ul>\n<p>Dzi\u0119ki tej formie pobo\u017cno\u015bci, cz\u0142onkowie Arcybractwa kszta\u0142tuj\u0105 swoje \u017cycie wewn\u0119trzne, realizuj\u0105c na co dzie\u0144 powo\u0142anie do \u015bwi\u0119to\u015bci i wsp\u00f3\u0142uczestnicz\u0105 w dziele zbawienia \u015bwiata oraz Nowej Ewangelizacji.<\/p>\n<p><strong>Historia<\/strong><\/p>\n<ul>\n<li>Pocz\u0105tki Stra\u017cy Honorowej Naj\u015bwi\u0119tszego Serca Pana Jezusa si\u0119gaj\u0105 czas\u00f3w Golgoty; tam, u st\u00f3p Ukrzy\u017cowanego czuwali pierwsi trzej cz\u0142onkowie \u2013 Naj\u015bwi\u0119tsza Maryja Panna, \u015bw. Maria Magdalena i \u015bw. Jan.<\/li>\n<li>Odwieczny plan zbawienia cz\u0142owieka realizowa\u0142 si\u0119 nast\u0119pnie poprzez objawienia Pana Jezusa \u015bw. Ma\u0142gorzacie Marii Alacoque w klasztorze w Paray-le-Monial we Francji.Chrystus, m\u00f3wi\u0105c do serca swojej Powiernicy, ukaza\u0142 skarby Naj\u015bwi\u0119tszego Serca i \u017cali\u0142 si\u0119, i\u017c Jego pragnienia nie s\u0105 doceniane, a Jego mi\u0142o\u015b\u0107 nie jest \u201ekochana\u201d, \u017ce spotyka si\u0119 jedynie z ozi\u0119b\u0142o\u015bci\u0105 i oboj\u0119tno\u015bci\u0105.<\/li>\n<li>Na wie\u015b\u0107 o skardze Jezusa przybywa\u0142o z ka\u017cdym dniem wiele wra\u017cliwych dusz, coraz wyra\u017aniejsze stawa\u0142y si\u0119 przejawy indywidualnej pobo\u017cno\u015bci, pojawiali si\u0119 nowi czciciele Bo\u017cego Serca: indywidualni, zbiorowi, wsp\u00f3lnotowi, a tak\u017ce bractwa i arcybractwa.<\/li>\n<li>198 lat p\u00f3\u017aniej w siostrzanym klasztorze Nawiedzenia w Bourg-en-Bressezaistnia\u0142y okoliczno\u015bci, kt\u00f3re dzi\u0119ki zrz\u0105dzeniu Bo\u017cej Opatrzno\u015bci doprowadzi\u0142y do powstania Stra\u017cy Honorowej Naj\u015bwi\u0119tszego Serca Pana Jezusa.<\/li>\n<li>12 marca 1863 r. siostra Maria od Naj\u015bwi\u0119tszego Serca dozna\u0142a wewn\u0119trznej wizji. Pod jej wra\u017ceniem narysowa\u0142a tarcz\u0119 zegara, w \u015brodku kt\u00f3rej znajdowa\u0142o si\u0119 w\u0142\u00f3czni\u0105 przebite Serce Jezusa; u g\u00f3ry rysunku umie\u015bci\u0142a s\u0142owa: cze\u015b\u0107, mi\u0142o\u015b\u0107, wynagrodzenie, za\u015b u do\u0142u: Stra\u017c Honorowa Naj\u015bwi\u0119tszego Serca. Tak powsta\u0142 zegar Stra\u017cy Honorowej, kt\u00f3ry sta\u0142 si\u0119 symbolem sprowadzaj\u0105cym niezliczone rzesze ludzi do Boga.<\/li>\n<li>Ka\u017cdy z cz\u0142onk\u00f3w wsp\u00f3lnoty, wybieraj\u0105c jedn\u0105 godzin\u0119 w ci\u0105gu dnia, prze\u017cywan\u0105 w zjednoczeniu z Eucharystycznym Sercem Jezusa, ofiarowywa\u0142 swoje codzienne zaj\u0119cia w duchu mi\u0142o\u015bci i wynagrodzenia za grzechy ludzi.<\/li>\n<li>13 marca 1863 r. kilkudziesi\u0119cioosobowa wsp\u00f3lnota zakonna, jako pierwsza zosta\u0142a zapisana na zegarze stra\u017cowym. By\u0142 to dzie\u0144 narodzin Stra\u017cy Honorowej.<\/li>\n<li>Bardzo szybko do tej duchowej wsp\u00f3lnoty przyst\u0105pi\u0142o 112 klasztor\u00f3w Si\u00f3str Wizytek.<\/li>\n<li>9 marca 1864 r.decyzj\u0105 biskupa diecezji Belley w kaplicy Nawiedzenia w Bourg-en-Bresse zosta\u0142o ustanowione Bractwo Stra\u017cy Honorowej Naj\u015bwi\u0119tszego Serca.<\/li>\n<li>Rok 1864 obfitowa\u0142 w wydarzenia r\u00f3wnie istotne dla rozwoju nowej organizacji: 16 czerwca Ojciec \u015awi\u0119ty, Pius IX przyzna\u0142 jej odpusty, we wrze\u015bniu zosta\u0142y wydane drukiem trzy serie bilet\u00f3w zelatorskich dla zakonnic, os\u00f3b \u015bwieckich i dzieci, 4 listopada wybito pierwsze medaliki stra\u017cowe, a pod koniec roku ukaza\u0142a si\u0119 \u201eNotka\u201d \u2013 48 \u2013 stronicowa broszura b\u0119d\u0105ca zarysem charakteru Dzie\u0142a wraz z jego celem, organizacj\u0105, praktykami pierwszych pi\u0105tk\u00f3w miesi\u0105ca, itp.<\/li>\n<li>Stra\u017c Honorowa nabiera\u0142a rozwojowego rozp\u0119du, rozprzestrzeni\u0142a si\u0119 na ca\u0142y \u015bwiat \u2013w 1868 r. dotar\u0142a tak\u017ce do Polski.<\/li>\n<li>W ksi\u0119gach arcybrackich znale\u017ali si\u0119 m. in. papie\u017ce: b\u0142. Pius IX, Leon XIII, Pius X, Benedykt XV, Pius XI.<\/li>\n<li>Niezwyk\u0142ym czcicielem Bo\u017cego Serca i propagatorem Jego kultu by\u0142 Ojciec \u015awi\u0119ty \u2013 \u015bw. Jan Pawe\u0142 II, czego niezbite dowody da\u0142 w encyklice\u00a0<em>Dives in misericordia<\/em>\u00a0oraz w donios\u0142ych homiliach wyg\u0142aszanych podczas pielgrzymek do Ojczyzny.<\/li>\n<li>Papie\u017c Benedykt XVI r\u00f3wnie\u017c zaci\u0105gn\u0105\u0142 si\u0119 w szeregi cz\u0142onk\u00f3w Stowarzyszenia.<\/li>\n<li>Stra\u017c Honorowa poprzez nieustann\u0105 modlitw\u0119 unosz\u0105c\u0105 si\u0119 do tronu Najwy\u017cszego wynagradza, czyni zado\u015b\u0107 i przeprasza za wszelkie niewierno\u015bci ca\u0142ego \u015bwiata.<\/li>\n<\/ul>\n<p><strong>Jak wst\u0105pi\u0107 do Stra\u017cy Honorowej Naj\u015bwi\u0119tszego Serca Pana Jezusa?<\/strong><\/p>\n<p>Niezb\u0119dnym warunkiem przynale\u017cno\u015bci jest stan \u0142aski u\u015bwi\u0119caj\u0105cej oraz zdrowie psychiczne.<\/p>\n<p><strong>Aby zosta\u0107 cz\u0142onkiem Arcybractwa nale\u017cy:<\/strong><\/p>\n<ul>\n<li>uczestniczy\u0107 w ceremonii uroczystego przyj\u0119cia do Stra\u017cy Honorowej NSPJ w ko\u015bciele, dokonanej przez Ksi\u0119dza Dyrektora lub Zelatora. Je\u015bli nie ma takiej mo\u017cliwo\u015bci, osoby te mog\u0105 dokona\u0107 zwyk\u0142ego przyj\u0119cia. Wst\u0105pienie do Arcybractwa mo\u017ce odby\u0107 si\u0119 tak\u017ce przez internet. Nale\u017cy w\u00f3wczas wype\u0142ni\u0107 formularz wpisowy i przes\u0142a\u0107 pod adres: Dyrekcja Arcybractwa Stra\u017cy Honorowej NSPJ, ul. Krowoderska 16, 31-142 Krak\u00f3w, lub\u00a0<span id=\"cloak0c77df44a97b97b9703d6b3ddeba4092\"><a href=\"mailto:dyrekcja@strazhonorowa.pl\">dyrekcja@strazhonorowa.pl<\/a><\/span><\/li>\n<li>zosta\u0107 wpisanym (imi\u0119 i nazwisko, Godzina Obecno\u015bci, data wst\u0105pienia) do\u00a0<em>Ksi\u0119gi Arcybrackiej<\/em>\u00a0w Dyrekcji Arcybractwa Stra\u017cy Honorowej NSPJ u Si\u00f3str Wizytek w Krakowie, a wcze\u015bniej,w przypadku uroczystego przyj\u0119cia, do<em>\u00a0Ksi\u0119gi Wpisowej<\/em>\u00a0prowadzonej przez Zelatora;<\/li>\n<li>codziennie praktykowa\u0107 wybran\u0105 Godzin\u0119 Obecno\u015bci przy Sercu Jezusa (zapomnienie nie obci\u0105\u017ca sumienia grzechem).<strong>W ka\u017cdy I pi\u0105tek miesi\u0105ca o godz. 18:00 w naszym ko\u015bciele jest sprawowana Eucharystia animowana parafialn\u0105 grup\u0119 Stra\u017cy Honorowej Naj\u015bwi\u0119tszego Serca Pana Jezusa.<\/strong>\n<p>Po Mszy \u015bw. odbywa si\u0119 spotkanie i wymiana bilecik\u00f3w na godzin\u0119 stra\u017cy.<\/li>\n<\/ul>\n","protected":false},"excerpt":{"rendered":"<p>Przy naszej parafii wsp\u00f3lnota powsta\u0142a 23 listopada 2025 roku, Opiekunem Grupy jest Ks. Pawe\u0142 Miotk Zelatorem wsp\u00f3lnoty jest Pani Ma\u0142gorzata Sycianko &nbsp; Czym jest Arcybractwo Stra\u017cy Honorowej Naj\u015bwi\u0119tszego Serca Pana Jezusa? Stra\u017c Honorowa Naj\u015bwi\u0119tszego Serca Pana Jezusa jest stowarzyszeniem skupiaj\u0105cym ludzi pragn\u0105cych odpowiedzie\u0107 na skarg\u0119 Pana Jezusa w Ogr\u00f3jcu: \u201eCzy &hellip;<\/p>\n","protected":false},"author":1,"featured_media":0,"parent":0,"menu_order":0,"comment_status":"closed","ping_status":"closed","template":"","meta":[],"_links":{"self":[{"href":"http:\/\/olesnicaslw.archidiecezja.wroc.pl\/index.php\/wp-json\/wp\/v2\/pages\/6391"}],"collection":[{"href":"http:\/\/olesnicaslw.archidiecezja.wroc.pl\/index.php\/wp-json\/wp\/v2\/pages"}],"about":[{"href":"http:\/\/olesnicaslw.archidiecezja.wroc.pl\/index.php\/wp-json\/wp\/v2\/types\/page"}],"author":[{"embeddable":true,"href":"http:\/\/olesnicaslw.archidiecezja.wroc.pl\/index.php\/wp-json\/wp\/v2\/users\/1"}],"replies":[{"embeddable":true,"href":"http:\/\/olesnicaslw.archidiecezja.wroc.pl\/index.php\/wp-json\/wp\/v2\/comments?post=6391"}],"version-history":[{"count":1,"href":"http:\/\/olesnicaslw.archidiecezja.wroc.pl\/index.php\/wp-json\/wp\/v2\/pages\/6391\/revisions"}],"predecessor-version":[{"id":6392,"href":"http:\/\/olesnicaslw.archidiecezja.wroc.pl\/index.php\/wp-json\/wp\/v2\/pages\/6391\/revisions\/6392"}],"wp:attachment":[{"href":"http:\/\/olesnicaslw.archidiecezja.wroc.pl\/index.php\/wp-json\/wp\/v2\/media?parent=6391"}],"curies":[{"name":"wp","href":"https:\/\/api.w.org\/{rel}","templated":true}]}}