{"id":55,"date":"2019-06-03T10:25:47","date_gmt":"2019-06-03T08:25:47","guid":{"rendered":"http:\/\/olesnicaslw.archidiecezja.wroc.pl\/NOWASTRONA2019\/?page_id=55"},"modified":"2025-06-28T12:02:03","modified_gmt":"2025-06-28T10:02:03","slug":"porzadek-mszy-sw","status":"publish","type":"page","link":"http:\/\/olesnicaslw.archidiecezja.wroc.pl\/index.php\/porzadek-mszy-sw\/","title":{"rendered":"Porz\u0105dek Mszy \u015aw."},"content":{"rendered":"\r\n<p style=\"text-align: center;\"><span style=\"color: #ff0000;\">W NIEDZIELE I UROCZYSTO\u015aCI PRZEZ CA\u0141Y ROK<\/span><\/p>\r\n<p style=\"text-align: center;\"><span style=\"color: #000000;\"><strong>7.00<\/strong><\/span><\/p>\r\n<p style=\"text-align: center;\"><strong>9.00<\/strong><\/p>\r\n<p style=\"text-align: center;\"><strong>10.30\u00a0<\/strong><\/p>\r\n<p style=\"text-align: center;\"><strong>12.00<\/strong><\/p>\r\n<p style=\"text-align: center;\"><strong>18.00<\/strong><\/p>\r\n<p style=\"text-align: center;\"><strong>W kaplicy szpitalnej przy ul. Armii Krajowej w niedziel\u0119 Msza \u015bw. o godz. 7.15\u00a0<\/strong><\/p>\r\n<p style=\"text-align: center;\"><strong>Godzinki o Niepokalanym Pocz\u0119ciu NMP w niedziel\u0119 i \u015bwi\u0119ta o godz. 6.30<\/strong><\/p>\r\n<p style=\"text-align: center;\"><strong>W dni powszednie Msze \u015bw. o godz.:<\/strong><\/p>\r\n<p style=\"text-align: center;\"><strong>6.15<\/strong><\/p>\r\n<p>\r\n\r\n<\/p>\r\n<p style=\"text-align: center;\"><strong>7.00<\/strong><\/p>\r\n<p style=\"text-align: center;\"><strong>18.00<\/strong><\/p>\r\n<p>\u00a0 \u00a0 \u00a0 \u00a0 \u00a0 \u00a0 \u00a0 \u00a0 \u00a0 \u00a0 \u00a0 \u00a0 \u00a0 \u00a0 \u00a0 \u00a0 \u00a0 \u00a0 \u00a0 \u00a0 \u00a0 \u00a0 \u00a0 \u00a0 \u00a0 \u00a0 \u00a0 \u00a0 \u00a0 \u00a0 \u00a0 \u00a0 \u00a0 \u00a0 \u00a0 \u00a0 \u00a0 \u00a0 \u00a0 \u00a0 \u00a0 \u00a0 \u00a0 \u00a0 \u00a0 \u00a0 \u00a0 \u00a0 \u00a0 \u00a0 \u00a0 \u00a0 \u00a0<span style=\"color: #ff0000;\"> \u00a0 \u00a0 \u00a0W OKRESIE WAKACYJNYM LIPIEC -SIERPIE\u0143\u00a0<\/span><\/p>\r\n<p><span style=\"color: #ff0000;\">\u00a0 \u00a0 \u00a0 \u00a0 \u00a0 \u00a0 \u00a0 \u00a0 \u00a0 \u00a0 \u00a0 \u00a0 \u00a0 \u00a0 \u00a0 \u00a0 \u00a0 \u00a0 \u00a0 \u00a0 \u00a0 \u00a0 \u00a0 \u00a0 \u00a0 \u00a0 \u00a0 \u00a0 \u00a0 \u00a0 \u00a0 \u00a0 \u00a0 \u00a0 \u00a0 \u00a0 \u00a0 \u00a0 \u00a0 \u00a0 \u00a0 \u00a0 \u00a0 \u00a0 \u00a0 \u00a0 \u00a0 \u00a0 \u00a0 \u00a0 \u00a0 \u00a0 \u00a0 \u00a0 \u00a0 \u00a0 \u00a0 \u00a0 \u00a0 \u00a0 \u00a0 \u00a0 \u00a0 \u00a0 \u00a0 \u00a0 \u00a0 \u00a0 \u00a0 \u00a0 \u00a0 \u00a0 \u00a0 \u00a07.00<\/span><\/p>\r\n<p><span style=\"color: #ff0000;\">\u00a0 \u00a0 \u00a0 \u00a0 \u00a0 \u00a0 \u00a0 \u00a0 \u00a0 \u00a0 \u00a0 \u00a0 \u00a0 \u00a0 \u00a0 \u00a0 \u00a0 \u00a0 \u00a0 \u00a0 \u00a0 \u00a0 \u00a0 \u00a0 \u00a0 \u00a0 \u00a0 \u00a0 \u00a0 \u00a0 \u00a0 \u00a0 \u00a0 \u00a0 \u00a0 \u00a0 \u00a0 \u00a0 \u00a0 \u00a0 \u00a0 \u00a0 \u00a0 \u00a0 \u00a0 \u00a0 \u00a0 \u00a0 \u00a0 \u00a0 \u00a0 \u00a0 \u00a0 \u00a0 \u00a0 \u00a0 \u00a0 \u00a0 \u00a0 \u00a0 \u00a0 \u00a0 \u00a0 \u00a0 \u00a0 \u00a0 \u00a0 \u00a0 \u00a0 \u00a0 \u00a0 \u00a0 \u00a0 \u00a018.00<\/span><\/p>\r\n<p style=\"text-align: center;\">\u00a0<\/p>\r\n<p style=\"text-align: center;\"><strong>Spowied\u017a \u015bw. codziennie podczas ka\u017cdej Mszy \u015bw.W lipcu i sierpniu w przypadku dodatkowej intencji Mszy \u015awi\u0119tej przed i po Mszy \u015awi\u0119tej.<\/strong><\/p>\r\n<p style=\"text-align: center;\"><strong><em><span style=\"color: #000000;\"><span style=\"font-family: Times New Roman, serif;\"><span style=\"font-size: large;\">Chrzty \u015bw. udzielane w ka\u017cd\u0105 niedziel\u0119 po Mszy \u015bw. o godz. 12.00.<\/span><\/span><\/span><\/em><\/strong><\/p>\r\n<p style=\"text-align: center;\">\u00a0<\/p>\r\n<p style=\"text-align: center;\"><strong>\u00a0 \u00a0 \u00a0 \u00a0 \u00a0 \u00a0 \u00a0\u00a0<\/strong><\/p>\r\n<p class=\"has-text-align-center\"><\/p>","protected":false},"excerpt":{"rendered":"<p>W NIEDZIELE I UROCZYSTO\u015aCI PRZEZ CA\u0141Y ROK 7.00 9.00 10.30\u00a0 12.00 18.00 W kaplicy szpitalnej przy ul. Armii Krajowej w niedziel\u0119 Msza \u015bw. o godz. 7.15\u00a0 Godzinki o Niepokalanym Pocz\u0119ciu NMP w niedziel\u0119 i \u015bwi\u0119ta o godz. 6.30 W dni powszednie Msze \u015bw. o godz.: 6.15 7.00 18.00 \u00a0 \u00a0 &hellip;<\/p>\n","protected":false},"author":1,"featured_media":65,"parent":0,"menu_order":0,"comment_status":"closed","ping_status":"closed","template":"","meta":[],"_links":{"self":[{"href":"http:\/\/olesnicaslw.archidiecezja.wroc.pl\/index.php\/wp-json\/wp\/v2\/pages\/55"}],"collection":[{"href":"http:\/\/olesnicaslw.archidiecezja.wroc.pl\/index.php\/wp-json\/wp\/v2\/pages"}],"about":[{"href":"http:\/\/olesnicaslw.archidiecezja.wroc.pl\/index.php\/wp-json\/wp\/v2\/types\/page"}],"author":[{"embeddable":true,"href":"http:\/\/olesnicaslw.archidiecezja.wroc.pl\/index.php\/wp-json\/wp\/v2\/users\/1"}],"replies":[{"embeddable":true,"href":"http:\/\/olesnicaslw.archidiecezja.wroc.pl\/index.php\/wp-json\/wp\/v2\/comments?post=55"}],"version-history":[{"count":19,"href":"http:\/\/olesnicaslw.archidiecezja.wroc.pl\/index.php\/wp-json\/wp\/v2\/pages\/55\/revisions"}],"predecessor-version":[{"id":5524,"href":"http:\/\/olesnicaslw.archidiecezja.wroc.pl\/index.php\/wp-json\/wp\/v2\/pages\/55\/revisions\/5524"}],"wp:featuredmedia":[{"embeddable":true,"href":"http:\/\/olesnicaslw.archidiecezja.wroc.pl\/index.php\/wp-json\/wp\/v2\/media\/65"}],"wp:attachment":[{"href":"http:\/\/olesnicaslw.archidiecezja.wroc.pl\/index.php\/wp-json\/wp\/v2\/media?parent=55"}],"curies":[{"name":"wp","href":"https:\/\/api.w.org\/{rel}","templated":true}]}}