{"id":3785,"date":"2024-01-13T19:03:08","date_gmt":"2024-01-13T18:03:08","guid":{"rendered":"http:\/\/olesnicaslw.archidiecezja.wroc.pl\/?page_id=3785"},"modified":"2024-01-13T19:03:51","modified_gmt":"2024-01-13T18:03:51","slug":"wspolnoty-parafialne","status":"publish","type":"page","link":"http:\/\/olesnicaslw.archidiecezja.wroc.pl\/index.php\/wspolnoty-parafialne\/","title":{"rendered":"Wsp\u00f3lnoty parafialne"},"content":{"rendered":"<ol>\n<li><strong>Kr\u0105g Biblijny<\/strong> &#8211; w ka\u017cdy poniedzia\u0142ek o 18:45.<\/li>\n<li><strong>Franciszka\u0144ski zakon \u015awieckich<\/strong> &#8211; w III sobot\u0119 miesi\u0105ca o 15:00.<\/li>\n<li><strong>Modlitewne spotkania M\u0142odych <em>M\u0142odzi z Nain<\/em><\/strong>\u00a0&#8211; w ka\u017cdy pi\u0105tek o 19:00.<\/li>\n<li><strong>Wsp\u00f3lnota Krwi Chrystusa<\/strong> &#8211; w II \u015brod\u0119 miesi\u0105ca o godzinie 15:00 ma miejsce Adoracja Naj\u015bwi\u0119tszego Sakramentu, a o godzinie 16:00 &#8211; Msza \u015awi\u0119ta.<\/li>\n<li><strong>Apostolat Zbawczego Cierpienia<\/strong> &#8211; w ka\u017cdy wtorek odbywa si\u0119 Adoracja Naj\u015bwi\u0119tszego Sakramentu o godzinie 10:30, a Msza \u015awi\u0119ta dla tych, kt\u00f3rzy chc\u0105 zrozumie\u0107 sens cierpienia w ostatni\u0105 sobot\u0119 miesi\u0105ca o godzinie 16:00.<\/li>\n<li><strong>Liturgiczna S\u0142u\u017cba O\u0142tarza<\/strong> &#8211; spotkania lektor\u00f3w w ka\u017cdy czwartek o godzinie 19:00, a dla ministrant\u00f3w i kandydat\u00f3w o 10:00 w ka\u017cd\u0105 sobot\u0119.<\/li>\n<li><strong>Wsp\u00f3lnota \u017bywego R\u00f3\u017ca\u0144ca<\/strong> &#8211; zmiana tajemnic w pierwsz\u0105 sobot\u0119 miesi\u0105ca, ponadto w ka\u017cdy poniedzia\u0142ek o godzinie 9:00 wsp\u00f3lnota w kaplicy adoracji odmawia modlitw\u0119 r\u00f3\u017ca\u0144cow\u0105.<\/li>\n<li><strong>Apostolat Margaretka<\/strong> -wsp\u00f3lnota ludzi modl\u0105cych si\u0119 za\u00a0 kap\u0142ana do ko\u0144ca jego \u017cycia.<\/li>\n<li><strong>Grupa Presynodalna<\/strong> &#8211; w ostatni\u0105 sobot\u0119 miesi\u0105ca.<\/li>\n<\/ol>\n<p><strong><em>Przy parafii dzia\u0142a r\u00f3wnie\u017c Poradnia Rodzinna, kt\u00f3ra s\u0142u\u017cy nie tylko naszym parafianom, ale i mieszka\u0144com ca\u0142ego powiatu ole\u015bnickiego.<\/em><\/strong><\/p>\n","protected":false},"excerpt":{"rendered":"<p>Kr\u0105g Biblijny &#8211; w ka\u017cdy poniedzia\u0142ek o 18:45. Franciszka\u0144ski zakon \u015awieckich &#8211; w III sobot\u0119 miesi\u0105ca o 15:00. Modlitewne spotkania M\u0142odych M\u0142odzi z Nain\u00a0&#8211; w ka\u017cdy pi\u0105tek o 19:00. Wsp\u00f3lnota Krwi Chrystusa &#8211; w II \u015brod\u0119 miesi\u0105ca o godzinie 15:00 ma miejsce Adoracja Naj\u015bwi\u0119tszego Sakramentu, a o godzinie 16:00 &#8211; &hellip;<\/p>\n","protected":false},"author":1,"featured_media":0,"parent":0,"menu_order":0,"comment_status":"closed","ping_status":"closed","template":"","meta":[],"_links":{"self":[{"href":"http:\/\/olesnicaslw.archidiecezja.wroc.pl\/index.php\/wp-json\/wp\/v2\/pages\/3785"}],"collection":[{"href":"http:\/\/olesnicaslw.archidiecezja.wroc.pl\/index.php\/wp-json\/wp\/v2\/pages"}],"about":[{"href":"http:\/\/olesnicaslw.archidiecezja.wroc.pl\/index.php\/wp-json\/wp\/v2\/types\/page"}],"author":[{"embeddable":true,"href":"http:\/\/olesnicaslw.archidiecezja.wroc.pl\/index.php\/wp-json\/wp\/v2\/users\/1"}],"replies":[{"embeddable":true,"href":"http:\/\/olesnicaslw.archidiecezja.wroc.pl\/index.php\/wp-json\/wp\/v2\/comments?post=3785"}],"version-history":[{"count":2,"href":"http:\/\/olesnicaslw.archidiecezja.wroc.pl\/index.php\/wp-json\/wp\/v2\/pages\/3785\/revisions"}],"predecessor-version":[{"id":3791,"href":"http:\/\/olesnicaslw.archidiecezja.wroc.pl\/index.php\/wp-json\/wp\/v2\/pages\/3785\/revisions\/3791"}],"wp:attachment":[{"href":"http:\/\/olesnicaslw.archidiecezja.wroc.pl\/index.php\/wp-json\/wp\/v2\/media?parent=3785"}],"curies":[{"name":"wp","href":"https:\/\/api.w.org\/{rel}","templated":true}]}}

Wspólnoty parafialne

<ol>
<li><strong>Krąg Biblijny</strong> &#8211; w każdy poniedziałek o 18:45.</li>
<li><strong>Franciszkański zakon Świeckich</strong> &#8211; w III sobotę miesiąca o 15:00.</li>
<li><strong>Modlitewne spotkania Młodych <em>Młodzi z Nain</em></strong> &#8211; w każdy piątek o 19:00.</li>
<li><strong>Wspólnota Krwi Chrystusa</strong> &#8211; w II środę miesiąca o godzinie 15:00 ma miejsce Adoracja Najświętszego Sakramentu, a o godzinie 16:00 &#8211; Msza Święta.</li>
<li><strong>Apostolat Zbawczego Cierpienia</strong> &#8211; w każdy wtorek odbywa się Adoracja Najświętszego Sakramentu o godzinie 10:30, a Msza Święta dla tych, którzy chcą zrozumieć sens cierpienia w ostatnią sobotę miesiąca o godzinie 16:00.</li>
<li><strong>Liturgiczna Służba Ołtarza</strong> &#8211; spotkania lektorów w każdy czwartek o godzinie 19:00, a dla ministrantów i kandydatów o 10:00 w każdą sobotę.</li>
<li><strong>Wspólnota Żywego Różańca</strong> &#8211; zmiana tajemnic w pierwszą sobotę miesiąca, ponadto w każdy poniedziałek o godzinie 9:00 wspólnota w kaplicy adoracji odmawia modlitwę różańcową.</li>
<li><strong>Apostolat Margaretka</strong> -wspólnota ludzi modlących się za  kapłana do końca jego życia.</li>
<li><strong>Grupa Presynodalna</strong> &#8211; w ostatnią sobotę miesiąca.</li>
</ol>
<p><strong><em>Przy parafii działa również Poradnia Rodzinna, która służy nie tylko naszym parafianom, ale i mieszkańcom całego powiatu oleśnickiego.</em></strong></p>

<p>Krąg Biblijny &#8211; w każdy poniedziałek o 18:45. Franciszkański zakon Świeckich &#8211; w III sobotę miesiąca o 15:00. Modlitewne spotkania Młodych Młodzi z Nain &#8211; w każdy piątek o 19:00. Wspólnota Krwi Chrystusa &#8211; w II środę miesiąca o godzinie 15:00 ma miejsce Adoracja Najświętszego Sakramentu, a o godzinie 16:00 &#8211; &hellip;</p>
