{"id":28,"date":"2019-05-29T16:07:04","date_gmt":"2019-05-29T14:07:04","guid":{"rendered":"http:\/\/olesnicaslw.archidiecezja.wroc.pl\/NOWASTRONA2019\/?page_id=28"},"modified":"2025-06-28T11:51:36","modified_gmt":"2025-06-28T09:51:36","slug":"sylwetki-kaplanow","status":"publish","type":"page","link":"http:\/\/olesnicaslw.archidiecezja.wroc.pl\/index.php\/sylwetki-kaplanow\/","title":{"rendered":"Sylwetki kap\u0142an\u00f3w"},"content":{"rendered":"<div id=\"pl-28\"  class=\"panel-layout\" ><div id=\"pg-28-0\"  class=\"panel-grid panel-no-style\" ><div id=\"pgc-28-0-0\"  class=\"panel-grid-cell panel-grid-cell-mobile-last\" ><div id=\"panel-28-0-0-0\" class=\"so-panel widget widget_sow-editor panel-first-child panel-last-child\" data-index=\"0\" ><div\n\t\t\t\n\t\t\tclass=\"so-widget-sow-editor so-widget-sow-editor-base\"\n\t\t\t\n\t\t>\n<div class=\"siteorigin-widget-tinymce textwidget\">\n\t<h4><strong>Ksi\u0105dz Proboszcz<\/strong><\/h4>\n<p><strong>Ks. mgr lic. Mariusz B\u0105kowski<\/strong><\/p>\n<p><strong>Ustanowiony dnia 1.01.2023 r., wy\u015bwi\u0119cony 27.05.1995 r.<\/strong><\/p>\n<p>W parafii odpowiedzialny za: Akcj\u0119 Katolick\u0105, Caritas, Poradni\u0119 Rodzinn\u0105, \u017bywy R\u00f3\u017caniec, Duchowych Pielgrzym\u00f3w, Katechez\u0119 Przedchrzcieln\u0105, Katechez\u0119 Przed\u015blubn\u0105, Katechet\u00f3w, Kancelari\u0119, Stron\u0119 Internetow\u0105 Parafii, parafialny ch\u00f3r Iunctus.<\/p>\n<\/div>\n<\/div><\/div><\/div><div id=\"pgc-28-0-1\"  class=\"panel-grid-cell panel-grid-cell-empty\" ><\/div><\/div><div id=\"pg-28-1\"  class=\"panel-grid panel-no-style\" ><div id=\"pgc-28-1-0\"  class=\"panel-grid-cell\" ><div id=\"panel-28-1-0-0\" class=\"so-panel widget widget_sow-editor panel-first-child panel-last-child\" data-index=\"1\" ><div\n\t\t\t\n\t\t\tclass=\"so-widget-sow-editor so-widget-sow-editor-base\"\n\t\t\t\n\t\t>\n<div class=\"siteorigin-widget-tinymce textwidget\">\n\t<h4 style=\"text-align: center;\"><strong>Ksi\u0119\u017ca Wikariusze<\/strong><\/h4>\n<\/div>\n<\/div><\/div><\/div><\/div><div id=\"pg-28-2\"  class=\"panel-grid panel-no-style\" ><div id=\"pgc-28-2-0\"  class=\"panel-grid-cell\" ><div id=\"panel-28-2-0-0\" class=\"so-panel widget widget_sow-editor panel-first-child panel-last-child\" data-index=\"2\" ><div\n\t\t\t\n\t\t\tclass=\"so-widget-sow-editor so-widget-sow-editor-base\"\n\t\t\t\n\t\t>\n<div class=\"siteorigin-widget-tinymce textwidget\">\n\t<p><strong>Ks. mgr Pawe\u0142 Miotk. Ustanowiony 1.09.2023 r., wy\u015bwi\u0119cony 27.05.<span style=\"color: #000000;\">2023 r.<\/span><\/strong><\/p>\n<p>W parafii odpowiedzialny za: Liturgiczn\u0105 S\u0142u\u017cb\u0119 O\u0142tarza, przygotowanie do I Komunii \u015aw., Schola Dzieci\u0119ca, nabo\u017ce\u0144stwo I sob\u00f3t miesi\u0105ca, katecheza przed\u015blubna, kancelaria (dy\u017cur).<\/p>\n<p align=\"JUSTIFY\">\n<\/div>\n<\/div><\/div><\/div><div id=\"pgc-28-2-1\"  class=\"panel-grid-cell\" ><div id=\"panel-28-2-1-0\" class=\"so-panel widget widget_sow-editor panel-first-child panel-last-child\" data-index=\"3\" ><div\n\t\t\t\n\t\t\tclass=\"so-widget-sow-editor so-widget-sow-editor-base\"\n\t\t\t\n\t\t>\n<div class=\"siteorigin-widget-tinymce textwidget\">\n\t<p><strong>Ks. mgr Piotr Jaros\u0142awski. Ustanowiony 1.09.2024 r., wy\u015bwi\u0119cony 2010<span style=\"color: #000000;\">\u00a0r.<\/span><\/strong><\/p>\n<p>W parafii odpowiedzialny za:<\/p>\n<p align=\"JUSTIFY\">\n<\/div>\n<\/div><\/div><\/div><div id=\"pgc-28-2-2\"  class=\"panel-grid-cell panel-grid-cell-empty\" ><\/div><div id=\"pgc-28-2-3\"  class=\"panel-grid-cell\" ><div id=\"panel-28-2-3-0\" class=\"so-panel widget widget_sow-editor panel-first-child panel-last-child\" data-index=\"4\" ><div\n\t\t\t\n\t\t\tclass=\"so-widget-sow-editor so-widget-sow-editor-base\"\n\t\t\t\n\t\t>\n<div class=\"siteorigin-widget-tinymce textwidget\">\n\t<p><strong>Ks. mgr Przemys\u0142aw Fic. Ustanowiony 1.08.2024 r., wy\u015bwi\u0119cony 2024<span style=\"color: #000000;\">\u00a0r.<\/span><\/strong><\/p>\n<p>W parafii odpowiedzialny za:<\/p>\n<p align=\"JUSTIFY\">\n<\/div>\n<\/div><\/div><\/div><\/div><div id=\"pg-28-3\"  class=\"panel-grid panel-no-style\" ><div id=\"pgc-28-3-0\"  class=\"panel-grid-cell\" ><div id=\"panel-28-3-0-0\" class=\"so-panel widget widget_sow-editor panel-first-child panel-last-child\" data-index=\"5\" ><div\n\t\t\t\n\t\t\tclass=\"so-widget-sow-editor so-widget-sow-editor-base\"\n\t\t\t\n\t\t>\n<div class=\"siteorigin-widget-tinymce textwidget\">\n\t<h4 style=\"text-align: center;\"><strong>Poprzedni Ksi\u0119\u017ca Proboszczowie:<\/strong><\/h4>\n<p style=\"text-align: center;\">ks. Kanonik Zdzis\u0142aw Paduch 2009 - 2022<\/p>\n<p style=\"text-align: center;\">ks. Pra\u0142at Jan Suchecki 1990 - 2009<\/p>\n<\/div>\n<\/div><\/div><\/div><\/div><div id=\"pg-28-4\"  class=\"panel-grid panel-no-style\" ><div id=\"pgc-28-4-0\"  class=\"panel-grid-cell\" ><div id=\"panel-28-4-0-0\" class=\"so-panel widget widget_sow-editor panel-first-child panel-last-child\" data-index=\"6\" ><div\n\t\t\t\n\t\t\tclass=\"so-widget-sow-editor so-widget-sow-editor-base\"\n\t\t\t\n\t\t>\n<div class=\"siteorigin-widget-tinymce textwidget\">\n\t<h4 style=\"text-align: center;\"><strong>Poprzedni Ksi\u0119\u017ca Wikariusze:<\/strong><\/h4>\n<p style=\"text-align: center;\">ks. Jaros\u0142aw Bar 2023 - 2024<\/p>\n<p style=\"text-align: center;\">ks. Dawid Dudziak 2023 - 2024<\/p>\n<p style=\"text-align: center;\">ks. Sylwester \u0141aska 2023 - 2024<\/p>\n<p style=\"text-align: center;\">ks. \u0141ukasz Ulas 2021 - 2023<\/p>\n<p style=\"text-align: center;\">ks. Rados\u0142aw Bariasz 2019 - 2023<\/p>\n<p style=\"text-align: center;\">ks. Wies\u0142aw M\u0105kosa 2022 - 2022<\/p>\n<p style=\"text-align: center;\">ks. Piotr Rozp\u0119dowski 2021 - 2022<\/p>\n<p style=\"text-align: center;\"><span style=\"color: #000000;\"><span style=\"font-family: Raleway;\"><span style=\"font-size: medium;\">ks. Aleksander Ilnicki 2018 - 2022<\/span><\/span><\/span><\/p>\n<p style=\"text-align: center;\"><span style=\"color: #000000;\"><span style=\"font-family: Raleway;\"><span style=\"font-size: medium;\">ks. Jakub Mazur 2014 - 2021<\/span><\/span><\/span><\/p>\n<p style=\"text-align: center;\"><span style=\"color: #000000;\">\u00a0<span style=\"font-family: Raleway;\"><span style=\"font-size: medium;\">ks. Waldemar Czarnota 2018 - 2020 (rezydent)<\/span><\/span><\/span><\/p>\n<p style=\"text-align: center;\"><span style=\"color: #000000;\"><span style=\"font-family: Raleway;\"><span style=\"font-size: medium;\">ks. Wojciech Jednor\u00f3g 2016 - 2019<\/span><\/span><\/span><\/p>\n<p style=\"text-align: center;\"><span style=\"color: #000000;\"><span style=\"font-family: Raleway;\"><span style=\"font-size: medium;\">ks. Marcin Milian 2013 - 2018<\/span><\/span><\/span><\/p>\n<p style=\"text-align: center;\"><span style=\"color: #000000;\"><span style=\"font-family: Raleway;\"><span style=\"font-size: medium;\">ks. Sebastian Ligorowski 2016 - 2018<\/span><\/span><\/span><\/p>\n<p style=\"text-align: center;\"><span style=\"color: #000000;\"><span style=\"font-family: Raleway;\"><span style=\"font-size: medium;\">ks. Zbigniew Topolnicki 2014 - 2016<\/span><\/span><\/span><\/p>\n<p style=\"text-align: center;\"><span style=\"color: #000000;\"><span style=\"font-family: Raleway;\"><span style=\"font-size: medium;\">ks. Waldemar Cwynar 2012 -2015<\/span><\/span><\/span><\/p>\n<p style=\"text-align: center;\"><span style=\"color: #000000;\"><span style=\"font-family: Raleway;\"><span style=\"font-size: medium;\">ks. Krystian Charchut 2009 - 2014<\/span><\/span><\/span><\/p>\n<p style=\"text-align: center;\"><span style=\"color: #000000;\"><span style=\"font-family: Raleway;\"><span style=\"font-size: medium;\">ks. Marcin Danielczuk 2009 - 2014<\/span><\/span><\/span><\/p>\n<p style=\"text-align: center;\"><span style=\"color: #000000;\"><span style=\"font-family: Raleway;\"><span style=\"font-size: medium;\">ks\u00a0. Tomasz Sa\u0142owski - 2011 - 2013<\/span><\/span><\/span><\/p>\n<p style=\"text-align: center;\"><span style=\"color: #000000;\"><span style=\"font-family: Raleway;\"><span style=\"font-size: medium;\">ks. Maciej Paleczny 2009 - 2012<\/span><\/span><\/span><\/p>\n<p style=\"text-align: center;\"><span style=\"color: #000000;\"><span style=\"font-family: Raleway;\"><span style=\"font-size: medium;\">ks. Jacek Ho\u0142owacz 2007 - 2011<\/span><\/span><\/span><\/p>\n<p style=\"text-align: center;\"><span style=\"color: #000000;\"><span style=\"font-family: Raleway;\"><span style=\"font-size: medium;\">ks. Tadeusz Polan 2007 - 2009<\/span><\/span><\/span><\/p>\n<p style=\"text-align: center;\"><span style=\"color: #000000;\"><span style=\"font-family: Raleway;\"><span style=\"font-size: medium;\">ks. Arkadiusz Kruk 2007 - 2009<\/span><\/span><\/span><\/p>\n<p style=\"text-align: center;\"><span style=\"color: #000000;\"><span style=\"font-family: Raleway;\"><span style=\"font-size: medium;\">ks. Zbigniew Kowal 2004 - 2009<\/span><\/span><\/span><\/p>\n<p style=\"text-align: center;\"><span style=\"color: #000000;\"><span style=\"font-family: Raleway;\"><span style=\"font-size: medium;\">ks\u00a0. Tomasz P\u0142ukarski 2004 - 2007<\/span><\/span><\/span><\/p>\n<p style=\"text-align: center;\"><span style=\"color: #000000;\"><span style=\"font-family: Raleway;\"><span style=\"font-size: medium;\">ks. Tomasz Caputa 2004 - 2007<\/span><\/span><\/span><\/p>\n<p style=\"text-align: center;\"><span style=\"color: #000000;\"><span style=\"font-family: Raleway;\"><span style=\"font-size: medium;\">ks. Mariusz Trojanowski 2005 - 2007<\/span><\/span><\/span><\/p>\n<p style=\"text-align: center;\"><span style=\"color: #000000;\"><span style=\"font-family: Raleway;\"><span style=\"font-size: medium;\">ks. Andrzej Olejnik 2005 - 2005<\/span><\/span><\/span><\/p>\n<p style=\"text-align: center;\"><span style=\"color: #000000;\"><span style=\"font-family: Raleway;\"><span style=\"font-size: medium;\">ks. Sebastian Pelc 2003 - 2005<\/span><\/span><\/span><\/p>\n<p style=\"text-align: center;\"><span style=\"color: #000000;\"><span style=\"font-family: Raleway;\"><span style=\"font-size: medium;\">ks. Zbigniew Stok\u0142osa 1999 - 2004<\/span><\/span><\/span><\/p>\n<p style=\"text-align: center;\"><span style=\"color: #000000;\"><span style=\"font-family: Raleway;\"><span style=\"font-size: medium;\">ks\u00a0. Bartosz Barczyszyn 2002 - 2004<\/span><\/span><\/span><\/p>\n<p style=\"text-align: center;\"><span style=\"color: #000000;\"><span style=\"font-family: Raleway;\"><span style=\"font-size: medium;\">ks. Piotr Balewicz 2000 - 2004<\/span><\/span><\/span><\/p>\n<p style=\"text-align: center;\"><span style=\"color: #000000;\"><span style=\"font-family: Raleway;\"><span style=\"font-size: medium;\">ks. Wojciech Mi\u015bkowiec 2002 - 2003<\/span><\/span><\/span><\/p>\n<p style=\"text-align: center;\"><span style=\"color: #000000;\"><span style=\"font-family: Raleway;\"><span style=\"font-size: medium;\">ks. Bart\u0142omiej Ilk\u00f3w 2001 - 2002<\/span><\/span><\/span><\/p>\n<p style=\"text-align: center;\"><span style=\"color: #000000;\"><span style=\"font-family: Raleway;\"><span style=\"font-size: medium;\">ks. Rados\u0142aw Stala 2000 - 2002<\/span><\/span><\/span><\/p>\n<p style=\"text-align: center;\"><span style=\"color: #000000;\"><span style=\"font-family: Raleway;\"><span style=\"font-size: medium;\">ks. Marek Tyczy\u0144ski 1998 - 2001<\/span><\/span><\/span><\/p>\n<p style=\"text-align: center;\"><span style=\"color: #000000;\"><span style=\"font-family: Raleway;\"><span style=\"font-size: medium;\">ks. Tadeusz Zg\u00f3rski 2000 - 2001<\/span><\/span><\/span><\/p>\n<p style=\"text-align: center;\"><span style=\"color: #000000;\"><span style=\"font-family: Raleway;\"><span style=\"font-size: medium;\">ks. J\u00f3zef Szkwarek 2000 - 2001<\/span><\/span><\/span><\/p>\n<p style=\"text-align: center;\"><span style=\"color: #000000;\"><span style=\"font-family: Raleway;\"><span style=\"font-size: medium;\">ks. Ryszard Kozio\u0142 1999 - 2000<\/span><\/span><\/span><\/p>\n<p style=\"text-align: center;\"><span style=\"color: #000000;\"><span style=\"font-family: Raleway;\"><span style=\"font-size: medium;\">ks. Piotr Mrzyg\u0142\u00f3d 1998 - 2000<\/span><\/span><\/span><\/p>\n<p style=\"text-align: center;\"><span style=\"color: #000000;\"><span style=\"font-family: Raleway;\"><span style=\"font-size: medium;\">ks. Jan Adamarczuk 1998 - 1999<\/span><\/span><\/span><\/p>\n<p style=\"text-align: center;\"><span style=\"color: #000000;\"><span style=\"font-family: Raleway;\"><span style=\"font-size: medium;\">ks. Edward Pasionek 1998 - 1999<\/span><\/span><\/span><\/p>\n<p style=\"text-align: center;\"><span style=\"color: #000000;\"><span style=\"font-family: Raleway;\"><span style=\"font-size: medium;\">ks. Andrzej \u0106wiklik 1995 - 1998<\/span><\/span><\/span><\/p>\n<p style=\"text-align: center;\"><span style=\"color: #000000;\"><span style=\"font-family: Raleway;\"><span style=\"font-size: medium;\">ks. Tomasz Zajac 1994 - 1998<\/span><\/span><\/span><\/p>\n<p style=\"text-align: center;\"><span style=\"color: #000000;\"><span style=\"font-family: Raleway;\"><span style=\"font-size: medium;\">ks. Roman Rak 1994 - 1999<\/span><\/span><\/span><\/p>\n<p style=\"text-align: center;\"><span style=\"color: #000000;\"><span style=\"font-family: Raleway;\"><span style=\"font-size: medium;\">ks. Leszek Wo\u017any 1993 - 1998<\/span><\/span><\/span><\/p>\n<p style=\"text-align: center;\"><span style=\"color: #000000;\"><span style=\"font-family: Raleway;\"><span style=\"font-size: medium;\">ks. Ryszard S\u0142owiak 1991 - 1995<\/span><\/span><\/span><\/p>\n<p style=\"text-align: center;\"><span style=\"color: #000000;\"><span style=\"font-family: Raleway;\"><span style=\"font-size: medium;\">ks. Andrzej Ma\u0142achowski 1991 - 1993<\/span><\/span><\/span><\/p>\n<p style=\"text-align: center;\"><span style=\"color: #000000;\"><span style=\"font-family: Raleway;\"><span style=\"font-size: medium;\">ks. Leonard Nowak 1990 - 1994<\/span><\/span><\/span><\/p>\n<p style=\"text-align: center;\"><span style=\"color: #000000;\"><span style=\"font-family: Raleway;\"><span style=\"font-size: medium;\">ks. Zbigniew Po\u017aniak 1990 - 1994<\/span><\/span><\/span><\/p>\n<p style=\"text-align: center;\"><span style=\"color: #000000;\"><span style=\"font-family: Raleway;\"><span style=\"font-size: medium;\">ks. Adam Dere\u0144 1990 - 1991<\/span><\/span><\/span><\/p>\n<p style=\"text-align: center;\"><span style=\"color: #000000;\"><span style=\"font-family: Raleway;\"><span style=\"font-size: medium;\">ks. Piotr Nowosielski 1990 - 1991<\/span><\/span><\/span><\/p>\n<\/div>\n<\/div><\/div><\/div><\/div><\/div>","protected":false},"excerpt":{"rendered":"<p>Ksi\u0105dz Proboszcz Ks. mgr lic. Mariusz B\u0105kowski Ustanowiony dnia 1.01.2023 r., wy\u015bwi\u0119cony 27.05.1995 r. W parafii odpowiedzialny za: Akcj\u0119 Katolick\u0105, Caritas, Poradni\u0119 Rodzinn\u0105, \u017bywy R\u00f3\u017caniec, Duchowych Pielgrzym\u00f3w, Katechez\u0119 Przedchrzcieln\u0105, Katechez\u0119 Przed\u015blubn\u0105, Katechet\u00f3w, Kancelari\u0119, Stron\u0119 Internetow\u0105 Parafii, parafialny ch\u00f3r Iunctus. Ksi\u0119\u017ca Wikariusze<\/p>\n","protected":false},"author":1,"featured_media":67,"parent":0,"menu_order":0,"comment_status":"closed","ping_status":"closed","template":"","meta":[],"_links":{"self":[{"href":"http:\/\/olesnicaslw.archidiecezja.wroc.pl\/index.php\/wp-json\/wp\/v2\/pages\/28"}],"collection":[{"href":"http:\/\/olesnicaslw.archidiecezja.wroc.pl\/index.php\/wp-json\/wp\/v2\/pages"}],"about":[{"href":"http:\/\/olesnicaslw.archidiecezja.wroc.pl\/index.php\/wp-json\/wp\/v2\/types\/page"}],"author":[{"embeddable":true,"href":"http:\/\/olesnicaslw.archidiecezja.wroc.pl\/index.php\/wp-json\/wp\/v2\/users\/1"}],"replies":[{"embeddable":true,"href":"http:\/\/olesnicaslw.archidiecezja.wroc.pl\/index.php\/wp-json\/wp\/v2\/comments?post=28"}],"version-history":[{"count":131,"href":"http:\/\/olesnicaslw.archidiecezja.wroc.pl\/index.php\/wp-json\/wp\/v2\/pages\/28\/revisions"}],"predecessor-version":[{"id":5520,"href":"http:\/\/olesnicaslw.archidiecezja.wroc.pl\/index.php\/wp-json\/wp\/v2\/pages\/28\/revisions\/5520"}],"wp:featuredmedia":[{"embeddable":true,"href":"http:\/\/olesnicaslw.archidiecezja.wroc.pl\/index.php\/wp-json\/wp\/v2\/media\/67"}],"wp:attachment":[{"href":"http:\/\/olesnicaslw.archidiecezja.wroc.pl\/index.php\/wp-json\/wp\/v2\/media?parent=28"}],"curies":[{"name":"wp","href":"https:\/\/api.w.org\/{rel}","templated":true}]}}